n**2 + 4/3*n**3 + 0. What is the tens digit of q(2)?
1
Suppose 5*g + 228 = 4*c, -2*c + 2*g + 103 = -9. What is the units digit of c?
2
Let y be (-25)/50 + (-22)/(-4). What is the units digit of (y - 8)/(2/(-18))?
7
Let g(o) be the first derivative of 24*o**2 + 2. Let t be g(-5). What is the units digit of (-4)/(-22) - t/11?
2
Let w(k) = -13 - 28*k + 48*k - 25*k. Suppose 0*o - 3*o = 24. What is the units digit of w(o)?
7
Let f = -29 + 17. Let n = f + 14. Suppose -n*g - 4 = 0, -2*y + 45 = 2*g + 11. What is the tens digit of y?
1
Suppose 5*m - 77 = k - 30, -14 = -2*m - 2*k. Let c = m + 43. Suppose -3*t + c = -t - 4*w, 8 = 2*w. What is the tens digit of t?
3
Let x = 82 - 59. Let g = x + -23. Suppose g = -2*c + 5*m + 116, -3*m - 108 = -2*c - 0*m. What is the tens digit of c?
4
Let k(a) = -2*a - 4. Let z be (12/(-16))/(2/8). Let s be k(z). What is the units digit of 106/10 + s/5?
1
Suppose -9*p = -2*p. Suppose -3*b + 9 = p, 3*d - 2*b = -d + 506. What is the units digit of d?
8
Let n(h) = 3*h**3 - h**2 - h + 1. Let b = 1 + 0. Let k be n(b). Suppose 0 = k*i - 48 - 36. What is the units digit of i?
2
Suppose -b + 5 = -3*o, 0 = 3*b - 5*o - 10 - 5. Suppose 15 = -0*x + x - 3*f, b*f + 29 = 2*x. What is the units digit of x?
2
Let t(v) = -v**2 + 12. Let w = 6 - 6. Let f be t(w). Suppose -f*l = -13*l + 31. What is the units digit of l?
1
Let w = 61 + -60. Suppose k + k + 2 = 2*a, -4*k = -3*a + w. What is the units digit of a?
3
Suppose p = 4 + 85. What is the units digit of p?
9
Let z be 4/(-38) + 84500/247. Let b = z - 162. What is the units digit of b?
0
Let m = -280 + 283. Suppose -3*a = -r - 80, 4*r = -5*a + 172 - 67. Suppose -103 + a = -m*t. What is the units digit of t?
6
Suppose 5*f = 281 - 306. Let k(o) = -19*o**2 - 1. Let t be k(1). What is the units digit of ((-1)/(-4))/(f/t)?
1
Suppose 2*q = q + 10. Let b(y) = -13 - 3*y + 11*y**2 - 8*y + 3*y - y**3. What is the units digit of b(q)?
7
Let b = 6656 + -2734. What is the hundreds digit of b?
9
Let j be -3*((-24)/84 + 1440/(-7)). Suppose 0 = 8*q - 2*q - j. What is the tens digit of q?
0
Suppose -4 - 6 = 5*n. Let a(p) = 19*p**2 - 3*p - 2. What is the tens digit of a(n)?
8
Suppose 8*l - 4*l - 40 = 0. Suppose y = -y + l. Suppose -2*g - 86 = -y*j, -g - 78 = -4*j - 4*g. What is the tens digit of j?
1
Let b(d) = 3*d + 5. Let v be b(-2). Let l be v*(-2 + -3)*1. What is the tens digit of 29/(l/10 + 0)?
5
Let q be -21*(0/(-4) - 1). Let i = -12 + q. What is the units digit of i?
9
Let q(h) = 94*h**2 - 6*h. Let o be q(-1). Suppose l - 3*y + 63 = -2*y, 0 = -y + 1. Let g = o + l. What is the units digit of g?
8
What is the tens digit of (-25104)/(-40) + 6/15 + -5?
2
Suppose -164 = -x + u + 4*u, -5*x + u + 916 = 0. What is the hundreds digit of x?
1
Suppose -l - 1 + 5 = 0. Suppose g - 7 - 41 = 4*b, 5*b = l*g - 203. What is the units digit of g?
2
Let s(u) = -u - 4. Let k be s(-7). Suppose -207 = -5*t + x, -x + 135 = k*t + 14. What is the units digit of t?
1
Suppose -19 = -2*s + 5*z, -5*s + 19 + 11 = 5*z. Suppose -s = -5*d - 2*d. What is the units digit of (275/(-15))/(d/(-3))?
5
Let p(h) = h**3 + 9*h**2 - 2*h - 13. Suppose 0 = o + 10 - 1. Let x be p(o). What is the tens digit of (-2)/(3 - x)*41?
4
Let c(n) = -95*n**3 - 2*n**2 - 8*n - 6. What is the tens digit of c(-2)?
6
Let t(m) = 11*m + 1. Let d(k) = -55*k - 6. Let w(j) = 2*d(j) + 11*t(j). Let y be w(5). Suppose -2*r + 62 = p - 6*p, -p - y = -2*r. What is the tens digit of r?
2
Suppose -g + 3*g = 10. Suppose 4*l = g*x - 122 + 29, 5*x = -2*l - 9. Let z = l + 38. What is the units digit of z?
1
Let h be 255*(16/(-5))/(-4). Let i = 357 - h. What is the tens digit of i?
5
Let c = -16 - -28. Let a be 10/(-4)*c/(-10). Suppose q = -2*y + 54, 0 = 4*y + a*q + q - 112. What is the units digit of y?
6
Let y(p) = 52*p**2 - 2*p + 1. Let z be y(1). Suppose -2*l = -z - 333. What is the tens digit of l?
9
Let s be (-4 + 4)/(-2 - -1). Suppose 5*k + 1 + 444 = s. Let r = 143 + k. What is the tens digit of r?
5
Let n(l) = 46*l + 19. Let y be n(-8). Let c = y - -510. What is the tens digit of c?
6
Let q(p) = p**3 - 7*p**2 + 11*p + 1. Let y be q(5). Let k(n) = n + 10. What is the units digit of k(y)?
6
Suppose -300*f + 305*f = 5*k + 5440, 4*k = 5*f - 5437. What is the tens digit of f?
8
Let s(x) = -x**3 + 3*x + 3137. What is the units digit of s(0)?
7
Let r = 582 - -153. Suppose 31*t - 34*t + r = 0. What is the tens digit of t?
4
Suppose -170*p + 153*p + 37859 = 0. What is the hundreds digit of p?
2
Suppose 3*i = 33 + 12. Let d be 2 - 1/2*0. What is the units digit of (i/d)/((-1)/(-2))?
5
Suppose 4*c = 2*z - 380, 5*c = 4*z - z - 572. What is the units digit of (10 - (-20)/(-4)) + z?
9
Suppose -22*y = -5*y. Suppose y = 16*j - 879 - 1025. What is the units digit of j?
9
Let y(u) = -2*u - 20. Let o be y(-14). Let v(r) = 14*r - 13. What is the units digit of v(o)?
9
Suppose -t = o - 31, 0*t + 2*o = -3*t + 88. What is the tens digit of t?
2
Suppose 0 = 4*u - 5*i - 20, i + 7 = -3*u + 3. Suppose 5*o - 15 = u, -3*x + 3*o = o - 696. What is the hundreds digit of x?
2
Suppose 2*t - 32 = -2*k + 12, 3*k - 26 = 5*t. Let l = k - -42. What is the tens digit of l?
5
Suppose -3*k + 28 = 2*h, -2*k + 3*k - 6 = h. Suppose k*w = 2*d + 4*w - 416, 5*d = -4*w + 1082. What is the hundreds digit of d?
2
Suppose -3*d = -c + 618, -3*d + 4*d = c - 616. What is the units digit of c?
5
What is the hundreds digit of 26/130 + 1024/5?
2
Suppose 0 = -5*a + 754 - 19. Suppose 87 = g - 3*l, 2*g - a = -0*g - 3*l. What is the tens digit of g?
7
Let v(k) = -k**2 + k + 9. Let u be v(3). Suppose o - 8 = 2*w + u*w, 2*w + 48 = 2*o. What is the tens digit of o?
2
Suppose 3*j - 8 = 1. Suppose 6*m - 3*u = j*m + 138, 3*u - 58 = -m. Let k = -31 + m. What is the units digit of k?
8
Let b = 1305 + 131. What is the hundreds digit of b?
4
Let z(c) = -c + 7. Let j be z(4). Suppose 26 + 1 = j*n. Suppose -l + n = -5*w + 126, 63 = 2*w + 5*l. What is the units digit of w?
4
Let t = -171 - -345. Suppose -5*v + 85 = -2*q + 271, -2*q - v = -t. Suppose q = 5*c - c. What is the tens digit of c?
2
Let o be (-10)/3 - 5/(-15). Let g(l) be the second derivative of -2*l**3/3 + 3*l**2/2 + l. What is the tens digit of g(o)?
1
Suppose 0 = -5*x + 2*x + 39. Suppose 16 - x = -q. What is the units digit of (0 + (-1)/q)*27?
9
Let l(h) = h**3 + 10*h**2 - 2*h + 4. Let t(q) = -q**3 + q - 4. Let o be t(2). What is the units digit of l(o)?
4
Let f = -29 + 39. Suppose -45 = -g - o - f, -199 = -5*g + o. What is the tens digit of g?
3
Let f(z) = -2*z - 10. Let o be f(-7). Suppose 154 = -o*v - 14. What is the units digit of 12/v + (-102)/(-14)?
7
Let c = 40 - 36. Suppose -2*w = b - 99, 2*w = -c*b + b + 289. What is the units digit of b?
5
What is the tens digit of (555/25)/(1 - (-245)/(-250))?
1
Let o = -6 - -26. What is the tens digit of 196/3 - o/60?
6
Let v(a) = -23*a**3 + a**2 + 2*a + 1. Suppose -3*t + 117 - 42 = 0. Let x be (-10)/t - 6/10. What is the tens digit of v(x)?
2
Let w be 20/(-50) + 414/10. Let p = w + -16. What is the units digit of p?
5
Let n be (-6)/(-14) + 217/(-49). Let j(x) be the second derivative of -3*x**3/2 - 3*x**2/2 + x. What is the units digit of j(n)?
3
Let z(k) = -74*k**3 - k**2 + 2*k - 1. Let v be z(1). What is the tens digit of 2*(4 + -1)/(-12)*v?
3
Suppose 0 = 5*v - 6 - 14. Suppose 27 = 5*b - 2*m - 19, 8 = v*m. What is the tens digit of b?
1
Let w = 208 - 125. Let h = -26 + w. What is the units digit of h?
7
Let v(q) = -q**3 - 21*q**2 + 22*q + 11. Let h be v(-22). Let m = h + 39. What is the units digit of m?
0
Suppose 75 = -2*q - 3*q. Let a(l) = -7*l + 1. Let z be a(4). Let b = q - z. What is the tens digit of b?
1
Let c(z) = 2 - 32*z + 5*z - 15*z + 2*z + 0. Suppose -4*m - 4 = -0*m. What is the units digit of c(m)?
2
Let h be ((-12)/20)/(2/(-20)). Let y(n) = -n**2 + 6*n + 5. Let u be y(h). Suppose -4*f + u = 3*p - 4*p, p + 3*f - 30 = 0. What is the units digit of p?
5
Let r(x) = 4*x**2 - 9*x + 2. Let s = 59 - 53. What is the tens digit of r(s)?
9
Let c(o) = 10*o**2 + 3*o + 2. Let r be c(-1). Suppose -115 + 466 = r*t. What is the tens digit of t?
3
Suppose -1068 = -17*c + 15*c. What is the hundreds digit of c?
5
Suppose 24*i = 2*l + 21*i - 894, -i + 1363 = 3*l. What is the tens digit of l?
5
Let j be (((-144)/(-15))/(-4))/((-1)/5). 